 k(c). What is the greatest common factor of 8 and q?
2
Let z = 2 + 5. Calculate the highest common divisor of z and 21.
7
Let t = -1 + 3. Suppose w + 3 = 0, 30 = 5*s - t*w - 3*w. Suppose 5*h - 2*u - 85 = 0, 3*h + 0*u = 5*u + 70. What is the greatest common divisor of s and h?
3
Suppose 9*k = 2*k + 35. What is the greatest common factor of k and 95?
5
Suppose 3*u + 3*y - 12 = 0, -5*y + 5 = 2*u - 9. Suppose -u*j + 100 - 10 = 0. Calculate the greatest common factor of j and 5.
5
Suppose 0*w - 84 = -2*w. Suppose t = -2*s + 38, 2*t = 5*s - 11 + w. What is the highest common factor of t and 196?
28
Suppose 9*a - 4*a = 0. Let r = 1 + a. What is the greatest common factor of r and 5?
1
Let p = 28 + -6. Suppose -o = -4*b - p, 0 + 10 = -5*b. Let n = 27 - 20. Calculate the highest common factor of o and n.
7
Suppose 3*w + 117 = 747. What is the highest common divisor of w and 14?
14
Let d = 12 - -23. What is the highest common factor of 35 and d?
35
Suppose -a + 2*a = j - 9, 0 = -4*j - 4*a + 36. Calculate the highest common divisor of j and 144.
9
Let j(q) = q - 2. Let z be j(3). Let d(n) = -5*n + 1. Let m be d(z). Let c(o) = o**2 + 3*o + 5. Let f be c(m). What is the greatest common factor of 81 and f?
9
Let t be (-18*(-6)/4)/1. Calculate the greatest common divisor of t and 9.
9
Let u(i) = -10*i**2 + i - 4. Let c(g) = -1. Let m(j) = 4*c(j) - u(j). Let q be m(1). What is the highest common divisor of 72 and q?
9
Let g be (-668)/84*-6 + (-4)/(-14). Calculate the greatest common divisor of g and 12.
12
Let n = 6 - 6. Suppose 0 = -n*p - p + 88. What is the highest common factor of 11 and p?
11
Let y = 15 - -39. Suppose 0*g + 3*g = -114. Let a = y + g. What is the highest common divisor of 112 and a?
16
Let q be (-4 + (-1)/(-4))*-4*1. Calculate the greatest common factor of q and 5.
5
Let h = 0 - -7. Let b = h - 2. Calculate the greatest common factor of 40 and b.
5
Suppose 2*r = 5*r - 9. Suppose -a + 4*d + 10 = -0*a, 0 = 3*a + r*d - 45. Calculate the greatest common divisor of 56 and a.
14
Let t(c) = 3*c**2 + c - 4. Let b be t(-3). Suppose -s - b = 2*y + 3*y, s + 10 = -3*y. Let w = y + 11. Calculate the greatest common divisor of 12 and w.
6
Let m(a) = a**3 + 11*a**2 - 2*a - 14. Let t be m(-11). Let o = 29 - -11. What is the highest common divisor of t and o?
8
Suppose -3 = -2*s - 3*u - 7, -2*s = -3*u - 20. Let o = 20 - 16. What is the highest common divisor of s and o?
4
Let c be 10/20 - (-66)/4. What is the highest common divisor of 17 and c?
17
Let j(q) = q - 5. Let d be j(5). Suppose 2*t = -d*t + 412. Suppose 73 = n + 3*z, -3*n + 3*z = -z - t. What is the greatest common divisor of 28 and n?
14
Let d(u) = u**2 + 8*u + 3. Let x be d(-6). Let k be (6/x)/(2/(-12)). Suppose -8*b = -k*b - 48. Calculate the greatest common divisor of 18 and b.
6
Suppose -2*w = 4, 4*q + 3*w + 14 = -32. Let g be 48/q*(-11 + 1). What is the greatest common factor of g and 12?
12
Suppose -24 = -w - 2*w + b, 2*w - 5 = -3*b. Let p(u) = -u**3 + 7*u**2 + 2*u + 3. Let a be p(w). What is the highest common factor of a and 34?
17
Suppose 3*m - 12 = 3. Suppose -5*z = -0*z - m. Let p = 262 + -254. What is the highest common divisor of z and p?
1
Let d = 9 - 5. Let i(q) = q**3 + 6*q**2 - 2*q - 7. Let j be i(-5). Calculate the highest common divisor of j and d.
4
Suppose -450 - 110 = -5*l. Let u = 6 - 5. Let q(h) = 14*h. Let w be q(u). Calculate the highest common factor of l and w.
14
Suppose 6*p - 180 = 3*p. Let j = 41 - 21. What is the greatest common divisor of j and p?
20
Let z be 3 + (-16)/4 + 6. Suppose 0 = y - z. Suppose 2*o = -3*o + 10. Calculate the greatest common divisor of y and o.
1
Let h(p) = p**2 + 23*p + 48. Let s be h(-21). What is the highest common divisor of 3 and s?
3
Suppose 42 = 2*d + 2*t, -3*t = -4*d + d + 93. Suppose -25 - 27 = -o. Calculate the greatest common factor of d and o.
26
Let n(p) = -p**2 + 8*p - 5. Suppose 5*q - 4*q + 4 = 5*o, 3*o = 6. Let i be n(q). What is the greatest common divisor of 1 and i?
1
Suppose 5 = 4*i + i - 5*t, -2*i = -4*t - 2. What is the greatest common divisor of 9 and i?
1
Let b be 12/4 - 18/(-2). Calculate the greatest common divisor of 60 and b.
12
Let m be (-15)/6*(-6)/5. Suppose -5*u = -m*x - 103, x + 40 = -2*u - 2*u. Let y be -1 + 1 + (-1 - x). What is the highest common divisor of y and 7?
7
Let q(l) = l + 3. Let f be q(5). Let v(g) = g**3 - 6*g**2 + 10*g + 12. Let d be v(6). Calculate the greatest common factor of f and d.
8
Suppose -6 = -0*l - 2*l, 0 = 3*a + 3*l - 18. Let x = 0 + 3. Suppose -2*u + 9 = x*y - 12, 2*y = 10. What is the highest common divisor of u and a?
3
Suppose -4*j + 49 = -11. Calculate the greatest common divisor of 10 and j.
5
Let g be (-50)/(-6) - 12/(-18). Suppose -3*u - 2*r = -289, -4*u + 107 = -3*u - 2*r. Calculate the greatest common divisor of u and g.
9
Suppose -6*v - 3*v + 36 = 0. Let r = 8 + 4. What is the greatest common divisor of r and v?
4
Let q = -8 + 15. What is the greatest common divisor of q and 112?
7
Let u = 50 - -20. Calculate the greatest common divisor of u and 28.
14
Suppose q + 114 = 2*g, -g + 10 + 25 = 5*q. Suppose 8 = -p + 5*p. Suppose l - 6*l - 33 = -3*h, -3*l - 22 = -p*h. Calculate the highest common divisor of h and g.
11
Let k = 9 + -3. Let a be (-80)/k*(-3)/2. Calculate the greatest common factor of a and 5.
5
Suppose 44 - 32 = 6*o. What is the greatest common factor of o and 3?
1
Let w(b) = b**3 + 3*b**2 - b - 1. Let n be w(-3). Let x = -7 + 9. Suppose -n*c = -c - x. What is the highest common divisor of 18 and c?
2
Let q = 20 + -14. Let m(y) = y + 8. Let f be m(q). Let a = 1 - -13. Calculate the greatest common divisor of f and a.
14
Let t(z) = -z**3 - 4*z**2 + 8*z - 3. Let r be t(-6). Let d = 30 - 20. Suppose 4*a = 2 + d. Calculate the greatest common factor of a and r.
3
Let b(s) = -4*s - 5. Let n be b(-5). What is the greatest common factor of 135 and n?
15
Suppose y + y = 42. Let i = -13 + y. Calculate the highest common divisor of i and 8.
8
Suppose -5*k + s - 7 = 0, 2*s + 13 = -5*k - 3. Let a be 12/8*k + 30. Calculate the highest common factor of a and 216.
27
Let r be (-1 - 2)*8*-3. Calculate the highest common factor of r and 9.
9
Suppose q + 60 = 5*q. Suppose -l + 26 + 19 = 0. Calculate the highest common factor of q and l.
15
Let b(c) = c**2 - 2*c - 7. Let u be b(5). Let i be 0/(-5 - -2) - 0. Suppose 2*r - 4 + i = 0. Calculate the highest common divisor of r and u.
2
Suppose 4*j = 3*j - 8. Let q be 5/((-10)/j) - -56. Calculate the highest common factor of q and 150.
30
Let o = 47 + -27. Let d = 80 + o. What is the highest common divisor of 10 and d?
10
Suppose -3*v + 1 = 2*g + 15, -3*v + g = 11. Let l = -2 - v. Suppose 0 = 4*x + 3*y - 7*y - 36, l*x + 5*y + 17 = 0. What is the highest common factor of x and 10?
2
Suppose -4*l - 4*o = 125 - 909, 5*o - 584 = -3*l. Let g be 100/4 - (-1 - -4). Calculate the greatest common factor of g and l.
22
Let p(l) = -9*l**3 + 2*l**2 + l. Let b be p(-1). Let q be 735/75 - 8/b. Let s = 192 + -93. Calculate the greatest common divisor of s and q.
9
Let q = 105 - 61. Let s(n) = -2*n**2 + 3*n + 2. Let r be s(3). Let z = -3 - r. What is the greatest common divisor of z and q?
4
Let s = 11 + 5. Calculate the highest common divisor of s and 4.
4
Suppose -2*i - 1 = -5*a - 17, 4*a = -3*i + 1. Suppose i*p - 2*p - 127 = -3*r, 5*r = -5*p + 605. Let u = p - 55. Calculate the highest common factor of 9 and u.
9
Suppose 3*c - 21 = -3*l, 3*l - 4 = -5*c + 27. Let k be 10*l*(5 + -3). Suppose v + 0*v = k. What is the highest common divisor of v and 5?
5
Suppose 0 = -2*u + 39 + 41. Let o be 20/(3 + (1 - 2)). Calculate the highest common factor of o and u.
10
Let a = 398 - 167. Suppose 0 = 110*p - 115*p + 795. Let z = a - p. What is the highest common factor of z and 12?
12
Let x(b) = 8*b**2 - b**3 + b - 2*b - 5*b + 0*b**3. Let y be x(5). Calculate the highest common factor of y and 9.
9
Let m be (-2)/(-5) + (-732)/30. Let b be -1 - m - (-6 + 7). Calculate the highest common factor of b and 22.
22
Let w be (1*9)/(21/770). Let q = 583 - w. Calculate the greatest common factor of 23 and q.
23
Let p be 60*((9 - 6) + -4)/(-3). Let m(k) = 109*k + 2. Let c be m(2). Calculate the greatest common factor of c and p.
20
Let o(f) = 5*f**2 + 3*f - 5. Let n 